{"id":54,"date":"2016-03-21T13:23:57","date_gmt":"2016-03-21T13:23:57","guid":{"rendered":"http:\/\/77.240.19.24\/~valkri\/jacobs\/?page_id=54"},"modified":"2020-11-23T13:24:36","modified_gmt":"2020-11-23T11:24:36","slug":"historia","status":"publish","type":"page","link":"https:\/\/www.jacobs.fi\/jacobs\/historia\/","title":{"rendered":"Historia"},"content":{"rendered":"\t\t<div data-elementor-type=\"wp-page\" data-elementor-id=\"54\" class=\"elementor elementor-54\">\n\t\t\t\t\t\t<section class=\"elementor-section elementor-top-section elementor-element elementor-element-7e66f8d9 elementor-section-boxed elementor-section-height-default elementor-section-height-default\" data-id=\"7e66f8d9\" data-element_type=\"section\" data-e-type=\"section\">\n\t\t\t\t\t\t<div class=\"elementor-container elementor-column-gap-default\">\n\t\t\t\t\t<div class=\"elementor-column elementor-col-100 elementor-top-column elementor-element elementor-element-20d45486\" data-id=\"20d45486\" data-element_type=\"column\" data-e-type=\"column\">\n\t\t\t<div class=\"elementor-widget-wrap elementor-element-populated\">\n\t\t\t\t\t\t<div class=\"elementor-element elementor-element-5de7316c elementor-widget elementor-widget-text-editor\" data-id=\"5de7316c\" data-element_type=\"widget\" data-e-type=\"widget\" data-widget_type=\"text-editor.default\">\n\t\t\t\t<div class=\"elementor-widget-container\">\n\t\t\t\t\t\t\t\t\t<div class=\"gca-column one-half first\"><h2><span style=\"color: #d3ab3a;\">Miten kaikki alkoi&#8230;<\/span><\/h2><p>Saksassa 15. tammikuuta 1895 Bremenin uutisissa ilmoitettiin Johann Jacobsin avaavan liiketoiminnan, joka erikoistuisi kahviin, kaakaoon, teehen, suklaaseen ja pikkuleipiin. Vuonna 1907 avattiin ensimm\u00e4inen paistomyym\u00e4l\u00e4, joka teki Jacobsin hyvin ylpe\u00e4ksi. Vuonna 1913 Jacobs puolestaan patentoi ensimm\u00e4isen kahvipussituotteen.<\/p><\/div><img fetchpriority=\"high\" decoding=\"async\" class=\"alignright wp-image-259\" src=\"http:\/\/77.240.19.24\/~valkri\/jacobs\/wp-content\/uploads\/2016\/03\/jacobs_de_desktop_geschichte1.png\" alt=\"\" width=\"421\" height=\"360\" \/><\/p><div class=\"gca-column one-half\"><\/div><p><div class=\"gca-column one-half first\"><img decoding=\"async\" class=\"alignleft wp-image-263 size-full\" src=\"http:\/\/www.jacobs.fi\/wp-content\/uploads\/2016\/03\/jacobs_de_desktop_geschichte2.png\" alt=\"\" width=\"454\" height=\"429\" \/><\/div><br \/><div class=\"gca-column one-half\"><h2><span style=\"color: #d3ab3a;\">Yrityksen rakentaminen<br \/><\/span><\/h2><p><span id=\"result_box\" class=\"\" lang=\"fi\"><span class=\"\">Ensimm\u00e4isen maailmansodan j\u00e4lkeen kahvia alettiin myym\u00e4\u00e4n uudelleen, jolloin suositut kahvipavut t\u00e4yttiv\u00e4t j\u00e4lleen Jacobsin hyllyt.<\/span> <span class=\"\">Johannes Jacobs &amp; Co. perustettiin vuonna 1926 ja vuonna 1928 Jacobs Kaffee:n suosio jatkoi kasvamista.<\/span> <span class=\"\">T\u00e4m\u00e4n muutoksen my\u00f6t\u00e4 Jacobs-kahvia voitiin myyd\u00e4 nyt suurelle kuluttajakunnalle ymp\u00e4ri Bremeni\u00e4.<\/span><\/span><\/p><\/div><\/p><div class=\"gca-column one-half first\"><h2><span style=\"color: #d3ab3a;\">Jacobs coffeen mainonta<br \/><\/span><\/h2><p><span id=\"result_box\" class=\"\" lang=\"fi\"><span class=\"\">Jacobsin modernin ja kohdennetun mainonnan aloitti Johann Jacobsin veljenpoika Walther J. Jacobsin puodin sis\u00e4\u00e4nk\u00e4ynnill\u00e4. H\u00e4nen ensimm\u00e4inen mainoskampanjansa toteutettiin 1930. Ensimm\u00e4inen toimenpide oli kuuluisan &#8221;alkuper\u00e4isen pakkauksen&#8221; lanseeraaminen Jacobsin v\u00e4reiss\u00e4. Slogania &#8221;Viimeiseen papuun&#8230;&#8221; k\u00e4ytettiin vuonna 1931 ensimm\u00e4ist\u00e4 kertaa.<\/span><\/span><\/p><\/div><br \/><div class=\"gca-column one-half\"><img decoding=\"async\" class=\"aligncenter wp-image-265 size-full\" src=\"http:\/\/www.jacobs.fi\/wp-content\/uploads\/2016\/03\/jacobs_de_desktop_geschichte3.png\" alt=\"\" width=\"458\" height=\"432\" \/><\/div><\/p><p><div class=\"gca-column one-half first\"><img loading=\"lazy\" decoding=\"async\" class=\"aligncenter wp-image-269 size-full\" src=\"http:\/\/www.jacobs.fi\/wp-content\/uploads\/2016\/03\/jacobs_de_desktop_geschichte4.png\" alt=\"\" width=\"457\" height=\"420\" \/><\/div><br \/><div class=\"gca-column one-half\"><h2><span style=\"color: #d3ab3a;\">Jacobs televisiossa ja radiossa<br \/><\/span><\/h2><p><span id=\"result_box\" class=\"\" lang=\"fi\"><span class=\"\">Toisen maailmansodan j\u00e4lkeisen yrityksen rakennusten tuhoutumisen ja j\u00e4lleenrakentamisen j\u00e4lkeen Obernstra\u00dfe 20: n myym\u00e4l\u00e4 uudistettiin joulukuussa 1950. Vuodesta 1954 l\u00e4htien uusi iskulause &#8221;Jacobs kahvi&#8230; ihanaa&#8221; olikin kaikkien huulilla, sanomalehdiss\u00e4 ja televisiossa. Yhti\u00f6 jatkoi menestystarinaansa ja laajensi tuotevalikoimaansa.<\/span><\/span><\/p><\/div><\/p><div class=\"gca-column one-half first\"><h2><span style=\"color: #d3ab3a;\">Nykyinen &#8221;Jacobs Kr\u00f6nung&#8221; syntyy<br \/><\/span><\/h2><p><span id=\"result_box\" class=\"\" lang=\"fi\"><span class=\"\">Berliinin nykyinen kahvipaahtimo aloitti tuotantonsa vuonna 1961. Kev\u00e4\u00e4ll\u00e4 1966 oli aika lanseerata perinteiset ja\u00a0tunnetuimmat Jacobsin tuotteet. Jacobsin nykyisess\u00e4kin logossa esiintyv\u00e4 kruunu symboloi korkealaatuista kahvia, jonka tarjoaminen on ollut Jacobsin missio jo alusta asti.<\/span><\/span><\/p><\/div><br \/><div class=\"gca-column one-half\"><img loading=\"lazy\" decoding=\"async\" class=\"aligncenter wp-image-271 size-full\" src=\"http:\/\/www.jacobs.fi\/wp-content\/uploads\/2016\/03\/jacobs_de_desktop_geschichte5.png\" alt=\"\" width=\"446\" height=\"416\" \/><\/div><\/p><div class=\"gca-column one-half first\"><p><img loading=\"lazy\" decoding=\"async\" class=\"aligncenter wp-image-303 size-medium\" src=\"http:\/\/www.jacobs.fi\/wp-content\/uploads\/2019\/10\/cropped-etusivukuva-632x264.jpg\" alt=\"\" width=\"632\" height=\"264\" srcset=\"https:\/\/www.jacobs.fi\/jacobs\/wp-content\/uploads\/2019\/10\/cropped-etusivukuva-632x264.jpg 632w, https:\/\/www.jacobs.fi\/jacobs\/wp-content\/uploads\/2019\/10\/cropped-etusivukuva-768x321.jpg 768w, https:\/\/www.jacobs.fi\/jacobs\/wp-content\/uploads\/2019\/10\/cropped-etusivukuva-1020x426.jpg 1020w, https:\/\/www.jacobs.fi\/jacobs\/wp-content\/uploads\/2019\/10\/cropped-etusivukuva.jpg 1640w\" sizes=\"(max-width: 632px) 100vw, 632px\" \/><a href=\"http:\/\/77.240.19.24\/~valkri\/jacobs\/wp-content\/uploads\/2017\/09\/etusivu2-2.png\"><br \/><\/a><\/div><br \/><div class=\"gca-column one-half\"><h2><span style=\"color: #d3ab3a;\">Jacobs \u2013 unelmoi avoimin silmin<br \/><\/span><\/h2><p><span id=\"result_box\" class=\"\" lang=\"fi\"><span class=\"\">Vuonna 2017 Jacobs nousee uuteen loistoon. Uusi, yhten\u00e4inen tuotemerkin ulkoasu syntyy, mutta Jacobs tunnusomaiset piirteet kuten kruunu, hemmotteleva aromi ja vihre\u00e4kultainen v\u00e4ri on s\u00e4ilynyt t\u00e4h\u00e4n p\u00e4iv\u00e4\u00e4n asti.<\/span><\/span><\/div><\/p><div class=\"gca-column one-half first\"><p>\u00a0<\/p><div class=\"gca-column one-half first\"><\/div><h2><span style=\"color: #d3ab3a;\">JACOBS-kahvien saapuminen suomeen<br \/><\/span><\/h2><p><span id=\"result_box\" class=\"\" lang=\"fi\"><span class=\"\">Suomalaisten ensimm\u00e4inen Jacobs-kokemus ajoittuu 1800- luvun loppuun. Bremenin satamakaupungissa, jossa Jacobsin paahtimo perustettiin ja toimii yh\u00e4 edelleen, suomalaiset merimiehet tutustuivat Jacobs-kahveihin.<\/span><\/span><\/p><p>Jacobsin ensimm\u00e4iset kahvipavut saapuivat peltis\u00e4ilykkein\u00e4 Suomeen arviolta 1950-luvulla.<\/p><p>My\u00f6hemmin <strong>Jacobs Kr\u00f6nung Classic<\/strong>, valmiiksi jauhettu kahvi tyhji\u00f6pakkauksessa, on ansainnut vuosikymmenest\u00e4 toiseen paikkansa Suomen ruokamyym\u00e4l\u00f6iden hyllyiss\u00e4. Sen hieman tummempi, viihtyv\u00e4 aromi sai uskolliset yst\u00e4v\u00e4ns\u00e4. T\u00e4n\u00e4p\u00e4iv\u00e4n\u00e4 Jacobs on ainoa kahvimerkki, joka tarjoaa suomalaisille kaikentyyppist\u00e4 kahvia: jauhettuna, papuina, pikakahvina,\u00a0kapseleina ja suurtuotantokahvina. Kun Suomessa juot kahvia esimerkiksi messuilla, stadiontapahtumissa, konferensseissa tai kes\u00e4festareilla, kupissasi on usein Jacobs.<\/p><\/div><br \/><div class=\"gca-column one-half\"><img loading=\"lazy\" decoding=\"async\" class=\"aligncenter wp-image-379\" src=\"http:\/\/jacobs.fi\/wp-content\/uploads\/2016\/03\/festarikahvia-632x332.jpg\" alt=\"\" width=\"752\" height=\"395\" srcset=\"https:\/\/www.jacobs.fi\/jacobs\/wp-content\/uploads\/2016\/03\/festarikahvia-632x332.jpg 632w, https:\/\/www.jacobs.fi\/jacobs\/wp-content\/uploads\/2016\/03\/festarikahvia-768x404.jpg 768w, https:\/\/www.jacobs.fi\/jacobs\/wp-content\/uploads\/2016\/03\/festarikahvia-1020x536.jpg 1020w\" sizes=\"(max-width: 752px) 100vw, 752px\" \/><\/div><\/p>\t\t\t\t\t\t\t\t<\/div>\n\t\t\t\t<\/div>\n\t\t\t\t\t<\/div>\n\t\t<\/div>\n\t\t\t\t\t<\/div>\n\t\t<\/section>\n\t\t\t\t<\/div>\n\t\t","protected":false},"excerpt":{"rendered":"<div class=\"link-more\"><a href=\"https:\/\/www.jacobs.fi\/jacobs\/historia\/\" class=\"more-link\">Continue reading<span class=\"screen-reader-text\"> &ldquo;Historia&rdquo;<\/span>&hellip;<\/a><\/div>\n","protected":false},"author":1,"featured_media":0,"parent":0,"menu_order":0,"comment_status":"closed","ping_status":"closed","template":"page-template\/_fullwidth.php","meta":{"footnotes":""},"class_list":["post-54","page","type-page","status-publish","hentry","entry"],"_links":{"self":[{"href":"https:\/\/www.jacobs.fi\/jacobs\/wp-json\/wp\/v2\/pages\/54","targetHints":{"allow":["GET"]}}],"collection":[{"href":"https:\/\/www.jacobs.fi\/jacobs\/wp-json\/wp\/v2\/pages"}],"about":[{"href":"https:\/\/www.jacobs.fi\/jacobs\/wp-json\/wp\/v2\/types\/page"}],"author":[{"embeddable":true,"href":"https:\/\/www.jacobs.fi\/jacobs\/wp-json\/wp\/v2\/users\/1"}],"replies":[{"embeddable":true,"href":"https:\/\/www.jacobs.fi\/jacobs\/wp-json\/wp\/v2\/comments?post=54"}],"version-history":[{"count":31,"href":"https:\/\/www.jacobs.fi\/jacobs\/wp-json\/wp\/v2\/pages\/54\/revisions"}],"predecessor-version":[{"id":414,"href":"https:\/\/www.jacobs.fi\/jacobs\/wp-json\/wp\/v2\/pages\/54\/revisions\/414"}],"wp:attachment":[{"href":"https:\/\/www.jacobs.fi\/jacobs\/wp-json\/wp\/v2\/media?parent=54"}],"curies":[{"name":"wp","href":"https:\/\/api.w.org\/{rel}","templated":true}]}}